61 is divided by 73?
15
Calculate the remainder when 106 is divided by 99.
7
Calculate the remainder when 678 is divided by 34.
32
Calculate the remainder when 329 is divided by 76.
25
Calculate the remainder when 65 is divided by 22.
21
Calculate the remainder when 116 is divided by 5.
1
What is the remainder when 266 is divided by 117?
32
Calculate the remainder when 128 is divided by 51.
26
What is the remainder when 15864 is divided by 115?
109
What is the remainder when 240 is divided by 58?
8
Calculate the remainder when 39 is divided by 3.
0
Calculate the remainder when 11969 is divided by 39.
35
Calculate the remainder when 82 is divided by 22.
16
What is the remainder when 542 is divided by 337?
205
Calculate the remainder when 26564 is divided by 231.
230
What is the remainder when 106 is divided by 59?
47
What is the remainder when 123 is divided by 10?
3
What is the remainder when 4162 is divided by 35?
32
Calculate the remainder when 4677 is divided by 52.
49
What is the remainder when 493 is divided by 169?
155
Calculate the remainder when 814 is divided by 299.
216
Calculate the remainder when 2549 is divided by 116.
113
Calculate the remainder when 608 is divided by 127.
100
Calculate the remainder when 1245 is divided by 29.
27
What is the remainder when 32 is divided by 2?
0
Calculate the remainder when 430 is divided by 36.
34
Calculate the remainder when 1102 is divided by 6.
4
What is the remainder when 3112 is divided by 38?
34
What is the remainder when 356 is divided by 104?
44
What is the remainder when 97 is divided by 14?
13
Calculate the remainder when 54 is divided by 20.
14
What is the remainder when 229 is divided by 10?
9
Calculate the remainder when 315 is divided by 78.
3
What is the remainder when 200 is divided by 12?
8
What is the remainder when 7450 is divided by 173?
11
Calculate the remainder when 440 is divided by 17.
15
Calculate the remainder when 895 is divided by 22.
15
Calculate the remainder when 203 is divided by 54.
41
Calculate the remainder when 467 is divided by 39.
38
Calculate the remainder when 2243 is divided by 35.
3
Calculate the remainder when 463 is divided by 98.
71
Calculate the remainder when 376 is divided by 62.
4
Calculate the remainder when 5567 is divided by 116.
115
What is the remainder when 297 is divided by 7?
3
Calculate the remainder when 751 is divided by 63.
58
What is the remainder when 107 is divided by 12?
11
Calculate the remainder when 81 is divided by 44.
37
Calculate the remainder when 5659 is divided by 236.
231
What is the remainder when 279 is divided by 10?
9
Calculate the remainder when 140 is divided by 16.
12
What is the remainder when 5888 is divided by 3?
2
Calculate the remainder when 425 is divided by 108.
101
Calculate the remainder when 1399 is divided by 199.
6
What is the remainder when 1032 is divided by 146?
10
Calculate the remainder when 13183 is divided by 15.
13
What is the remainder when 75 is divided by 39?
36
What is the remainder when 487 is divided by 7?
4
Calculate the remainder when 38 is divided by 10.
8
What is the remainder when 580 is divided by 20?
0
What is the remainder when 32 is divided by 28?
4
What is the remainder when 936 is divided by 95?
81
Calculate the remainder when 50 is divided by 44.
6
What is the remainder when 95 is divided by 56?
39
What is the remainder when 492 is divided by 183?
126
What is the remainder when 1457 is divided by 23?
8
Calculate the remainder when 810 is divided by 9.
0
What is the remainder when 117 is divided by 25?
17
What is the remainder when 88 is divided by 46?
42
What is the remainder when 1055 is divided by 46?
43
What is the remainder when 49 is divided by 25?
24
Calculate the remainder when 1579 is divided by 20.
19
What is the remainder when 357 is divided by 96?
69
What is the remainder when 118 is divided by 20?
18
What is the remainder when 4638 is divided by 51?
48
What is the remainder when 1507 is divided by 486?
49
Calculate the remainder when 1271 is divided by 71.
64
What is the remainder when 216 is divided by 30?
6
Calculate the remainder when 1552 is divided by 111.
109
Calculate the remainder when 17093 is divided by 77.
76
What is the remainder when 17137 is divided by 217?
211
What is the remainder when 825 is divided by 13?
6
What is the remainder when 1883 is divided by 54?
47
What is the remainder when 201 is divided by 128?
73
Calculate the remainder when 161 is divided by 31.
6
What is the remainder when 554 is divided by 31?
27
Calculate the remainder when 116 is divided by 27.
8
Calculate the remainder when 44 is divided by 6.
2
What is the remainder when 646 is divided by 643?
3
Calculate the remainder when 102 is divided by 55.
47
What is the remainder when 786 is divided by 127?
24
Calculate the remainder when 191 is divided by 24.
23
Calculate the remainder when 236 is divided by 20.
16
Calculate the remainder when 95 is divided by 41.
13
Calculate the remainder when 90 is divided by 48.
42
Calculate the remainder when 198 is divided by 86.
26
What is the remainder when 666 is divided by 107?
24
What is the remainder when 85 is divided by 72?
13
What is the remainder when 2028 is divided by 8?
4
What is the remainder when 198 is divided by 50?
48
Calculate the remainder when 2290 is divided by 79.
78
What is the remainder when 1118 is divided by 38?
16
Calculate the remainder when 540 is divided by 28.
8
Calculate the remainder when 116 is divided by 30.
26
Calculate the remainder when 5142 is divided by 571.
3
What is the remainder when 358 is divided by 10?
8
What is the remainder when 3823 is divided by 75?
73
Calculate the remainder when 613 is divided by 89.
79
Calculate the remainder when 10105 is divided by 14.
11
What is the remainder when 54 is divided by 8?
6
What is the remainder when 5731 is divided by 91?
89
Calculate the remainder when 39 is divided by 33.
6
What is the remainder when 475 is divided by 68?
67
What is the remainder when 3653 is divided by 9?
8
Calculate the remainder when 5584 is divided by 19.
17
Calculate the remainder when 1980 is divided by 35.
20
Calculate the remainder when 15 is divided by 14.
1
What is the remainder when 506 is divided by 15?
11
What is the remainder when 1121 is divided by 371?
8
What is the remainder when 3375 is divided by 99?
9
What is the remainder when 1310 is divided by 1307?
3
What is the remainder when 434 is divided by 26?
18
What is the remainder when 4371 is divided by 18?
15
What is the remainder when 2439 is divided by 66?
63
Calculate the remainder when 2910 is divided by 15.
0
Calculate the remainder when 36 is divided by 14.
8
What is the remainder when 63 is divided by 5?
3
What is the remainder when 66 is divided by 23?
20
Calculate the remainder when 36 is divided by 4.
0
What is the remainder when 235 is divided by 37?
13
What is the remainder when 534 is divided by 60?
54
What is the remainder when 2314 is divided by 86?
78
Calculate the remainder when 1106 is divided by 74.
70
What is the remainder when 4723 is divided by 63?
61
What is the remainder when 5871 is divided by 89?
86
What is the remainder when 423 is divided by 200?
23
Calculate the remainder when 145 is divided by 4.
1
Calculate the remainder when 268 is divided by 116.
36
What is the remainder when 914 is divided by 67?
43
Calculate the remainder when 2145 is divided by 535.
5
What is the remainder when 357 is divided by 20?
17
Calculate the remainder when 606 is divided by 16.
14
What is the remainder when 45 is divided by 8?
5
Calculate the remainder when 334 is divided by 15.
4
Calculate the remainder when 658 is divided by 49.
21
Calculate the remainder when 137 is divided by 35.
32
Calculate the remainder when 92 is divided by 35.
22
What is the remainder when 179 is divided by 8?
3
What is the remainder when 298 is divided by 61?
54
What is the remainder when 373 is divided by 142?
89
What is the remainder when 547 is divided by 264?
19
What is the remainder when 284 is divided by 13?
11
Calculate the remainder when 4701 is divided by 16.
13
What is the remainder when 30 is divided by 4?
2
What is the remainder when 83 is divided by 25?
8
What is the remainder when 178 is divided by 36?
34
Calculate the